 j - 8. List the prime factors of j.
2
Let t(z) = 7*z. Let l be t(5). Suppose l = -0*n + 5*n. Suppose 0 = -2*x + n + 11. List the prime factors of x.
3
Let o be 24/14*(-35)/(-10). Suppose 16 = -m + y, -3*y + 15 = -o*y. What are the prime factors of (-1)/(-3) + (-119)/m?
2, 3
Let r be -6*(-2)/(-2) - 0. Let b = -9 - r. Let h(o) = o**3 + 5*o**2 + o - 4. What are the prime factors of h(b)?
11
Let y = -132 + 87. What are the prime factors of (-2)/(-3)*y/(-6)?
5
Let b(p) = 4*p**2 - 1. Let m be b(-1). Suppose -3*k + 3*o = -39, m*o = -2*k - 0*k + 16. Let q = 16 - k. What are the prime factors of q?
5
Suppose 0*b - 2*b = -4*r + 42, -3*r - 5*b = -25. Suppose 5*z + r - 70 = 0. What are the prime factors of z?
2, 3
Suppose 3*i - 4*z - 738 = 0, -2*i + z + 472 = 5*z. What are the prime factors of i?
2, 11
Suppose 2*i = -o - 2*i + 95, -4*i + 404 = 4*o. List the prime factors of o.
103
Let v be -3 + 1 + 14 + -2. Let k(c) = 2*c + 2. What are the prime factors of k(v)?
2, 11
Let r = -50 + 64. List the prime factors of r.
2, 7
Let i = 19 + -49. Let b(z) = -7*z. Let c be b(-6). Let r = i + c. What are the prime factors of r?
2, 3
Suppose 0 = 7*n + 242 - 788. List the prime factors of n.
2, 3, 13
Suppose 8 = 2*s - 2. Let a be (-15)/(-6) - 1/(-2). Suppose -s*t + 12 = -a. What are the prime factors of t?
3
Suppose 0 = 2*s + 4*p - p + 17, 2*s + 9 = 5*p. Let h = 30 - s. What are the prime factors of h?
37
Suppose 2*d = 4*c - 0*d - 12, -2*c + 16 = 4*d. Suppose 250 = c*o + o. Suppose 5*z = -0 + o. List the prime factors of z.
2, 5
Let r(t) = -t**2 - 23*t + 49. What are the prime factors of r(-21)?
7, 13
Suppose n + 177 = 3*p + 2*n, 0 = -n - 3. What are the prime factors of p?
2, 3, 5
Let h be (-40)/16 + 1/2. Let b be (1 - -25)/(0 + 2). Let p = b + h. What are the prime factors of p?
11
Let i(o) = -o**2. Let c be i(1). Let w = -2 + c. What are the prime factors of (-4 + 0)/(w/3)?
2
Suppose 7*u = 2*u + 115. What are the prime factors of u?
23
Suppose y = -y - b + 377, y = -4*b + 206. List the prime factors of y.
2, 3, 31
Let g be 6/(-2)*-1 - -53. Suppose q - 12 = g. Suppose -r + 5*r = q. What are the prime factors of r?
17
Let y be (-1)/(-3) + (-176)/(-12). List the prime factors of y/1 + -1 - 1.
13
Let t = -165 + 241. What are the prime factors of t?
2, 19
Let y(p) = -6*p + 3. Let l be y(4). Let s = l + 58. List the prime factors of s.
37
Let z = 4 - 14. List the prime factors of z/(-2)*(-24)/(-10).
2, 3
Let w(q) = -q**3 - 6*q**2 + 3*q + 13. List the prime factors of w(-7).
41
Let b be 1*4*(2 - -10). Let t = b - 23. Suppose 3*z = -5*f + t, 12 = 4*z - f - 29. What are the prime factors of z?
2, 5
Suppose 32*w - 660 = 26*w. List the prime factors of w.
2, 5, 11
Let h = -7 + 12. Suppose 0 = 2*g - 8 - 6. Let j = h + g. What are the prime factors of j?
2, 3
Let k = -16 + 15. Suppose 6 = 2*m, 0 = 5*c - 2*m + m + 273. List the prime factors of (c/3 + 1)*k.
17
Let y = 108 - 75. List the prime factors of y.
3, 11
List the prime factors of (-1)/3*(1 - 124).
41
Suppose 2*f = 3*c - 154, f = -0*f - 2*c - 84. What are the prime factors of 2/(-5) - 1552/f?
19
Let v be ((-9)/6)/(9/(-84)). Suppose 3*m - m - 3*r + v = 0, 13 = -m + 3*r. What are the prime factors of (-18)/(-2) - (m - 0)?
2, 5
Let l(c) = c - 10. List the prime factors of l(29).
19
List the prime factors of ((-4)/10)/(12/(-6480)).
2, 3
Suppose -15*p + 24 = -3*p. Let u be -4 + (-2)/(-2)*1. List the prime factors of 9/2 + u/p.
3
What are the prime factors of (-48)/9*(-105)/20?
2, 7
Let q be (-115)/10*1*2. Suppose -m = -0*c + 3*c + 44, -20 = -5*m. Let p = c - q. What are the prime factors of p?
7
Suppose 4*x - 1177 = -3*n, 864 = 5*x + 5*n - 606. What are the prime factors of x?
5, 59
Let c(v) be the first derivative of -v**2/2 - 7*v + 1. Let i be c(-7). Suppose -4*f + i*n + n = -51, -5*f + 63 = -2*n. List the prime factors of f.
13
Let x be 1 - (5 + 2 + -4). Let d = x - -15. What are the prime factors of d?
13
Let n = -8 + 3. List the prime factors of (1 - 42/10)*n.
2
Suppose -y + 2 = -0*y. Let j(a) = 2 - 2*a - a**2 + 0*a + y*a**2. What are the prime factors of j(2)?
2
Suppose -2*x + 96 - 27 = -3*u, 4*u = 3*x - 104. List the prime factors of x.
2, 3
Let t(o) = o**2 + o. Let q(l) = -4*l**2 - 5*l - 2. Let b = -7 + 12. Let g(d) = b*t(d) + q(d). What are the prime factors of g(-3)?
7
Suppose 2 = -k + 3*g + 80, 2*k - 2*g = 148. List the prime factors of k.
2, 3
Suppose -4*l = -l + 48. Let v = l + 30. What are the prime factors of v?
2, 7
Let h(u) = -10*u + 1. Let w be h(-1). Suppose s + w = 3*m, 2*m - 3*m + 7 = 3*s. List the prime factors of (-1 - m/(-6))*-15.
5
Suppose t - 4 = -8. List the prime factors of (-3 - 42/t)*2.
3, 5
Let x(s) = s**2 - 2*s - 24. What are the prime factors of x(-7)?
3, 13
Let q = -376 - -128. List the prime factors of (-1)/(-2) + q/(-16).
2
Suppose 2*t - 4*t = o - 3, -1 = -3*t - 5*o. Let a = t - 7. What are the prime factors of (-99)/(-15) - 2/a?
7
Let l = -17 - -21. Suppose l*h = -0*h + 128. What are the prime factors of h?
2
Let a(o) be the first derivative of 14*o + 1/2*o**2 + 2. List the prime factors of a(0).
2, 7
What are the prime factors of (80/(-4))/5 + 18?
2, 7
Let c(r) = -r**2 + 8*r - 1. Let o be c(7). Let q = o - -1. What are the prime factors of q?
7
What are the prime factors of 1566/9 + 1*-2?
2, 43
Suppose -20 = -5*l, 2*t + 3*l - 128 = -2*t. Suppose s = -0*s + t. What are the prime factors of s?
29
Suppose -x + 3*q + 3 = 0, -2*q - 3*q = 4*x - 12. Suppose 3*y - 17 = -x*c + 13, -y - 5*c = -30. What are the prime factors of y?
5
Suppose -52 = -4*j + 56. Suppose v = 4*k - j, 3*k = -k - 2*v + 42. List the prime factors of k.
2
Let z(f) = -6*f - 4. What are the prime factors of z(-9)?
2, 5
Suppose 5*u = 142 + 23. Let k = 12 - u. Let a = k - -34. What are the prime factors of a?
13
Let p(y) = 2*y**3 - 2*y**2 + 3*y + 3. Suppose -2*s - 3*s = -5*l - 5, 0 = 4*l + s - 16. What are the prime factors of p(l)?
2, 3
Let i(t) be the third derivative of t**4/8 + 4*t**3/3 + 2*t**2. What are the prime factors of i(12)?
2, 11
Let c be 12 - ((1 - -2) + -1). Let f = c - -2. List the prime factors of f.
2, 3
Suppose -3*b - 8 = -4*q + 11, 3*b = q - 7. Let h be (11 - -1) + (q - 2). Let t = 30 - h. List the prime factors of t.
2
Suppose -2*r + 6*r - 624 = 0. List the prime factors of r.
2, 3, 13
Let f = 92 - 56. What are the prime factors of f?
2, 3
Let w(d) = -d**2. Let x(m) = -4*m**2 + 2*m - 2. Let r(z) = w(z) - x(z). What are the prime factors of r(2)?
2, 5
Let d be 0 + -2 - (1 + -4). Let q be (4 - d)*(-2)/3. What are the prime factors of -6*(-1 - (-1)/q)?
3
Let t = -31 + 53. Let w be (-12)/66 - (-114)/t. Suppose -w*y = 2*h - 22, -4 = -3*h + 3*y + 71. List the prime factors of h.
3, 7
Let k(y) = 29*y**2 + 1. List the prime factors of k(1).
2, 3, 5
Let d(f) = -f**3 - 3*f**2 + 3*f + 1. Let r be d(-5). Suppose -t - r = -2*t. List the prime factors of t.
2, 3
Let d = 17 + -11. Let c = -3 + d. Suppose -k + 2*k = 2, 0 = 4*y - c*k - 18. List the prime factors of y.
2, 3
Suppose -7*a - a = 0. Suppose n = 19 - 5. Suppose a = h - n - 7. What are the prime factors of h?
3, 7
Let n be (-2)/4*(-3 - -3). Suppose x - 2*x - f + 6 = n, 16 = 2*x + 4*f. List the prime factors of x.
2
Suppose 3*g - 5 - 7 = 0. Suppose g*b + 0*b = 80. List the prime factors of b.
2, 5
Let i(q) be the first derivative of q**4/4 - 4*q**3/3 - 2*q**2 + 2*q - 2. Suppose -30 = 2*l - 8*l. What are the prime factors of i(l)?
7
Suppose -4*b = 3*c - 184, 2*c - c = 2*b + 78. Suppose 0*n = -2*n + 3*a + c, -4*n - 5*a = -158. Let y = -26 + n. List the prime factors of y.
11
Let y = -57 + 32. Let x be ((-12)/2)/((-10)/y). List the prime factors of (-2 + 12/10)*x.
2, 3
Suppose 2*u - t = 225, -85 = -u - 4*t - t. List the prime factors of u.
2, 5, 11
Suppose 6*z - 455 = -89. What are the prime factors of z?
61
Let g(o) be the first derivative of -o**3/3 + 5*o**2/2 + 7*o + 4. What are the prime factors of g(5)?
7
Let l be -5 + 1/1*-1. Let w = 8 + l. What are the prime factors of w?
2
Suppose -2*p = a + 3*p - 25, 0 = -2*p + 8. Suppose -2*l = -4*o + 6, -2*o + 3*l + 1 = -0*o. Suppose -18 = -a*z + o. What are the prime factors of z?
2
Let p = 3 + -3. Suppose 4*i - 3*i + 1 = p. List the prime factors of (-1 - (1 + i))*-12.
2, 3
Suppose -3*u + b = 3*b - 34, -5*u + 44 = -3*b.